 4*g. Let i = -312 - d. What is the greatest common divisor of 480 and i?
15
Suppose -x - 5*x + 90 = 0. Let z be (-3)/(-3*3/x). Let n be -3 + 6 + 2/(-1). What is the greatest common divisor of n and z?
1
Suppose 0 = -5*g + 40, 23*w + 5*g = 25*w + 36. What is the greatest common factor of 2239 and w?
1
Let o = -92 + 108. Let i(x) = -13*x + 48*x**2 - x**3 - 16 - 59*x**2 - o + 7. Let l be i(-10). What is the highest common divisor of 10 and l?
5
Let t = -242 - -461. Suppose -t - 321 = 10*n. Let q = 70 + n. What is the highest common divisor of q and 2?
2
Suppose -13*t = -4196 - 46114. Let l be (-2)/(-9) + (t/(-81))/(-1). What is the highest common factor of 156 and l?
12
Let f be (-79)/(-5) + 7*(10 + (-3894)/385). What is the highest common factor of 165 and f?
15
Let d be ((-92)/(-8))/((-1)/(-6)). Let q be (-1438)/(-2157)*(137 - -1). Calculate the greatest common divisor of q and d.
23
Suppose 0 = 5*b - 27 + 7. Let o be ((-5)/b + 7/28)*-5. What is the highest common divisor of 95 and o?
5
Suppose -5*o = -10*o - 100. Let l be 3/(7/(-7) + o/(-19)). Calculate the highest common factor of 38 and l.
19
Let c(s) = s**2 + 8*s + 30. Suppose -6*b - 4 = -m - 4*b, -3*m + 4*b = -2. Let q be c(m). What is the highest common factor of 306 and q?
18
Suppose -4*w = -3*t + 53 + 222, 3*t - 2*w - 265 = 0. Suppose -t = -3*n + 65. What is the greatest common divisor of n and 25?
25
Let t(x) = 3*x**2 - 34*x + 998. Let u be t(25). What is the greatest common factor of u and 14?
7
Let v(x) = 12*x**2 - 178*x - 2. Let w be v(15). What is the highest common factor of w and 20552?
28
Let o = 73 + -59. Let w(s) = -1. Let z(h) = -h**2 + 8*h - 12. Let m(t) = -2*w(t) + z(t). Let b be m(6). What is the highest common divisor of o and b?
2
Let l be 1989 + -28 + 15 + -6. What is the greatest common divisor of 20 and l?
10
Suppose -12*n - 3*n = -540. Suppose n*i = 1231 - 79. Let d = 12 + -4. What is the greatest common factor of i and d?
8
Suppose 0*y = 4*y + 2*o - 62, 4*o = -y + 19. Let h be -10 + (-8 - (-420)/12). Suppose h*a = y*a + 180. What is the highest common divisor of a and 225?
45
Let l(y) = 5*y**2 + 7*y - 8. Let s be l(5). Suppose 6*g - s = -38. Suppose 1 = 2*t - g. Calculate the greatest common divisor of 4 and t.
2
Suppose -2*q + 100 + 14 = 4*p, 150 = 5*p + q. Suppose 0 = -p*s + 20*s + 1232. Calculate the greatest common divisor of 48 and s.
16
Let d = -79 - -139. Suppose l = -4*f + 1, -4*l - 3*f + 3 = -14. Let t(x) = x**2 - 3*x + 10. Let b be t(l). What is the greatest common factor of d and b?
20
Let l be (9/(-6))/(1/250*1). Let b = -319 - l. Calculate the greatest common divisor of b and 16.
8
Suppose 17*o = 10*o. Suppose 27*g - 23*g = -l + 12, 3*l + g - 14 = o. What is the highest common factor of 92 and l?
4
Suppose -16*w + 4*m - 60 = -19*w, -5*m - 33 = -3*w. Calculate the greatest common divisor of 4432 and w.
16
Let d(z) = -z**3 - 94*z**2 - 109*z - 1371. Let c be d(-93). Calculate the highest common divisor of 22 and c.
1
Let d = 723 - -27. Suppose 2*m = -3*u - 0*m + d, -4*m + 744 = 3*u. Calculate the highest common divisor of u and 36.
36
Let d = -5385 + 7247. Calculate the highest common divisor of 28 and d.
14
Let r = -1369 + 1740. What is the greatest common factor of r and 7?
7
Let u(o) = 27*o - 20. Let y be u(1). Suppose 0 = -5*b + 15, y*f = 8*f + 3*b - 15. Calculate the greatest common factor of f and 42.
6
Suppose -190 = -7*r + 1970 - 396. What is the greatest common factor of r and 64?
4
Suppose -34*a + 4272 = 1212. Calculate the highest common divisor of a and 279.
9
Let r = -2750 - -2775. What is the highest common divisor of r and 1325?
25
Let s(g) = -g**3 - 10*g**2 - 17*g - 10. Let f be s(-8). Let n be ((-1900)/133)/(f/7). Let t = 87 - n. What is the greatest common factor of t and 37?
37
Suppose -3*u + 788 = -5*d + 2128, -3*d + 4*u = -804. Let q = -204 + d. Calculate the highest common divisor of 144 and q.
16
Let j(x) = 2*x**2 + 23*x - 112. Let v be j(-15). Let s(m) = -2*m**3 - 9*m**2 - 21*m - 32. Let u be s(v). Calculate the highest common divisor of 80 and u.
40
Suppose 4*d - 309 - 365 = 5*q, 0 = -2*d - 2*q + 364. What is the highest common factor of 814 and d?
22
Let q(b) = 0*b - 15*b + 3*b**2 + 21*b + 24 - b**3. Let c be q(-8). What is the greatest common divisor of 40 and c?
40
Suppose 3*i + 35672 = 14*i + 3*i. Calculate the greatest common factor of 140 and i.
28
Let m = 15502 + -15348. Suppose 3*f = 5*f - 28. Calculate the highest common divisor of f and m.
14
Let d(a) = -4 - 1798*a - 184 + 1815*a. Let h be d(14). What is the highest common divisor of h and 150?
50
Let r be ((-8)/(-3))/(2/27). Let d = -562 - -274. Let t = d + 540. What is the highest common factor of r and t?
36
Let c = -862 + 1157. What is the greatest common divisor of 65 and c?
5
Let p(f) = -f**3 + 7*f**2 - 2*f + 48. Let h be p(6). What is the greatest common divisor of h and 387?
9
Let x(l) = l**3 + 57*l**2 - 53*l + 308. Let h be x(-58). What is the highest common factor of 99 and h?
9
Let k = 135 + -63. Suppose 0 = 2*m + z - 12 - 13, 2*m - 4*z = 50. Suppose -m*y = -20*y + 45. What is the greatest common divisor of k and y?
9
Let x be (-110)/(9*34/(-1071)). Calculate the highest common factor of x and 33.
11
Let p(s) = -s**3 + s**2 - 5*s + 800. Let h be p(0). Suppose h = -15*c + 19*c - 2*n, c + 5*n = 178. What is the highest common factor of 132 and c?
66
Let o be 5 + (-5)/(5/(-632)). Calculate the greatest common divisor of 26 and o.
13
Let x(l) = -551*l + 5535. Let u be x(10). Calculate the greatest common factor of 6425 and u.
25
Let s = -17924 + 17949. Suppose 0 = 2*c - 3*c + 5. Calculate the highest common factor of c and s.
5
Let c = 1697 + -1683. Calculate the greatest common factor of c and 4648.
14
Suppose 4*b - 4*a = 4696 + 2860, -3*a - 7558 = -4*b. What is the highest common divisor of 183 and b?
61
Suppose 0 = 6*l - 70*j + 66*j - 8292, -j = 5*l - 6897. Calculate the highest common factor of 15 and l.
15
Let o = 247 - 256. Let g(t) = t**3 + 10*t**2 + 8*t - 3. Let u be g(o). What is the greatest common factor of 27 and u?
3
Let k(b) = 2*b**2 - 38*b - 124. Let f be k(-3). What is the greatest common factor of f and 28?
4
Let m = 6695 - 6215. Calculate the highest common factor of m and 6120.
120
Suppose 5*w = 3*o - 8*o - 2835, -3*w - 1697 = 2*o. Let j = w + 758. What is the highest common divisor of 90 and j?
15
Suppose 20*c = -1201 - 639. Let w = 97 + c. What is the highest common factor of 25 and w?
5
Suppose 2*u + 2*u = 3*x - 266, 453 = 5*x + 3*u. Let m(q) = 11*q - 1. Let b be m(5). Calculate the greatest common divisor of b and x.
18
Suppose 5*b - 3*s = 4462, 331*s = 335*s - 24. What is the highest common divisor of b and 1408?
128
Let r(l) = -l**2 - 7*l. Let y be r(-3). Let g be (-2)/(0 - 4)*0/(-10). Suppose g = 366*w - 370*w + 240. Calculate the highest common divisor of y and w.
12
Let h(m) = -3*m**3 + 8*m**2 - 6*m - 158. Let r be h(-8). Calculate the highest common factor of 228 and r.
114
Let b be (28102 - (0 - 1))/(1 - (2 + -2)). Calculate the greatest common divisor of b and 179.
179
Let y(f) = -f**2 - 36*f - 66. Let k be y(-34). Let u be (45 + -1)/4 + k. What is the highest common divisor of u and 65?
13
Let i(b) = -4*b**3 - 2*b - 2. Let q(l) = l**3 + 4*l**2 + 4. Let a be q(-4). Suppose -a = -y - 6. Let x be i(y). What is the greatest common divisor of x and 68?
34
Let t = -2025 - -2315. What is the greatest common divisor of t and 3712?
58
Suppose 82*i + 36 - 364 = 0. What is the greatest common divisor of i and 1108?
4
Suppose 0 = 3*a + 2*y + 967, 1271 = -4*a - 4*y + 5*y. Let u be (10 + -14)/(958/a + 3). What is the greatest common divisor of 44 and u?
44
Let q = -5090 - -5951. What is the highest common factor of 147 and q?
21
Suppose 6*w = 766 + 482. Suppose 3*d - w = -5*d. Let l = 234 + -169. What is the greatest common divisor of d and l?
13
Let a be -1011 - -10054 - ((-1)/1 - 4). Calculate the greatest common divisor of a and 8.
8
Let f be (2 - -4*2)*38/2. Suppose 7*w = 17*w - f. Suppose w*l - 7*l - 1452 = 0. What is the greatest common divisor of l and 11?
11
Suppose 3*o = -o + 12. Let k be 4*o/(-6) + 4. Let u be (11/k - 2/4) + -2. Calculate the greatest common divisor of 27 and u.
3
Let m be (-1 - (-14)/8) + (-14484)/(-272). Let f be